e -3 = -3*j + g, 1 = -y*g + 13. Suppose 7*d = 3*i + j*d + 8, 0 = -2*d + 8. Give u(i).
-9
Let w(n) = 2*n**3 + 2*n**2 + 4. Let b(c) = 4*c**3 + 4*c**2 - c + 9. Let k(i) = -3*b(i) + 7*w(i). Give k(-3).
-44
Let s = -2822 + 2822. Let r(a) = 10*a + 21. What is r(s)?
21
Let m(f) be the third derivative of f**5/60 - 17*f**4/24 + 47*f**3/6 + 6*f**2 - 2*f. Let l be m(13). Let g(c) = -c**3 - 5*c**2 - 2. Calculate g(l).
-2
Let h(c) = -c - 7*c - c**2 + 8*c + 0*c + 7. What is h(-3)?
-2
Let k be 0 + 0 - 28/7. Let u(v) = -25 - 2*v - v - 12 + 39 + 0*v. What is u(k)?
14
Suppose 2*q = 2*d, -2*q = -5*d + q. Suppose d = -13*s - 9*s - 132. Let i(g) = -g**3 - 5*g**2 + 8*g + 9. Give i(s).
-3
Let w(t) = 10*t + 18. Let h be w(-1). Let q(s) = -72 - h*s - 77 - 76 + 224. Calculate q(1).
-9
Let k(o) = o**3 - 5*o**2 - 6*o - 14. Let w(v) = -6*v + 264. Let c be w(43). Calculate k(c).
-14
Suppose -2*z = 4, -i + 3*z + 9 = -5. Let f(u) = u**2 - 9*u + 11. Let c be f(i). Let y(h) = 8 + 9*h - h**2 - 2*h + c. Determine y(8).
3
Let y(i) = 131*i - 24. Let b(h) = -44*h + 9. Let x(s) = 8*b(s) + 3*y(s). Suppose -4*u + 14 = 10. Determine x(u).
41
Let y(l) = -1. Let m(p) = 2*p**2 - p - 6. Let i(s) = -m(s) + 5*y(s). Let f be (584 + 28)/(1*-1) - -3. Let g = 608 + f. Give i(g).
-2
Let u(n) = -11*n - 3*n**2 + 2*n**2 - 212 + 397 - 6*n + n. Determine u(-24).
-7
Let w = -45 + 50. Suppose 0 = 11*a - 8*a - 9. Let c(y) = 6*y**2 + 2*y**2 + 2*y**a - 3*y**2 + y + 4 - 3*y**3. Give c(w).
9
Let i(f) be the third derivative of f**6/120 + f**5/20 + 5*f**4/24 + f**3/3 + 926*f**2. Let h be (-3 + 9/2)*-2. Give i(h).
-13
Let k(o) = -2*o**2 + 85 + 173*o - 172*o - 83 - o**3. Let h(l) = -l**3 - l**2 + 5. Let g(d) = -2*h(d) + k(d). Determine g(0).
-8
Let z(d) be the first derivative of -2*d**2 + 1/4*d**4 + 36 + 3*d + 0*d**3. Give z(2).
3
Let o(v) = 19*v**3 - 13*v**2 + 11*v + 13. Let f(q) = 8*q**3 - 6*q**2 + 6*q + 6. Let g(d) = -7*f(d) + 3*o(d). Determine g(-4).
17
Suppose 5*k - 17 = -2*g, -k - 1 = -2*g - 14. Suppose i = -k*p + 5, -6*p + 2*i = -8*p + 2. Let a(d) = 35*d**3 + 2*d - 1. Determine a(p).
36
Let m(s) = -16*s**2 + 6*s - 8. Let r(d) = 7*d**2 - 3*d + 4. Suppose 33 = 45*p - 34*p. Let q(x) = p*m(x) + 7*r(x). Give q(3).
4
Let c(y) = -14*y + 2. Let q be c(1). Let o(j) = -5 - j - 1 - 5 + 2 + 3. Give o(q).
6
Let k(a) = 59*a**2 + 2*a - 35. Let u(o) = -132*o**2 - 5*o + 76. Let p(v) = 13*k(v) + 6*u(v). Calculate p(2).
-107
Let y(d) = d**3 + 8*d**2 + 8*d + 15. Let l be (3/(48/32) - 7/4)*-28. Determine y(l).
8
Let m(w) = -w**3 - 5*w**2 + 7*w + 4. Let f be (-10)/(-4*(-1)/30). Suppose 5*y - 10*y = 80. Let v be f/12 - 4/y. Give m(v).
-2
Let z(l) = l**2 - 10*l - 9. Let d be z(11). Suppose 4*b + 0*m = d*m - 38, 5*b - 3*m + 49 = 0. Let h(t) = 41565*t - 20790*t - 20774*t + 4. Determine h(b).
-4
Let i(q) be the second derivative of 0 + 122*q - 1/3*q**3 - 7*q**2. Calculate i(-6).
-2
Let f(z) be the third derivative of z**5/60 + z**4/12 + 5*z**3/2 - 688*z**2. Calculate f(-6).
39
Let k(i) = 32*i + 578. Let h be k(-18). Let v(r) = -7*r - r**h - 2*r + 7*r + 2 - 5*r + r. Suppose -2*t + 0 - 2 = -s, t = -4. What is v(s)?
2
Let n(z) = -4*z**2 - 62*z - 28. Suppose -2*r + 120 = 132, 4*k = 4*r - 36. What is n(k)?
2
Suppose -5*p + 4*r + 36 = 1, 3*p - 24 = 3*r. Let g(u) = -4*u + 5. Give g(p).
-7
Let m(s) = 262*s + 57. Let j(d) = -89*d - 21. Let g(n) = -11*j(n) - 4*m(n). Give g(0).
3
Let b(k) = k**3 + 8*k**2 - 7. Let z(r) = r**3 + 4*r**2 - 5*r + 109. Let d be z(-7). What is b(d)?
38
Let r(f) = 42*f**3 + 10*f**2 - 32*f - 5. Let y(k) = -21*k**3 - 6*k**2 + 19*k + 3. Let l(z) = 3*r(z) + 5*y(z). Give l(1).
20
Let f = -982 - -984. Let w(o) = -6*o**2 - 24864 + 8*o + 3*o**3 + 24858 - f*o**3. Calculate w(5).
9
Suppose 0 = -y - q - 6, -4*y + 23*q - 26*q = 24. Let o(h) = h**2 + 8*h - 5. Calculate o(y).
-17
Let r(y) be the second derivative of -192*y - y**2 + 1/20*y**5 + 2/3*y**4 + 7/6*y**3 + 0. Determine r(-6).
28
Suppose 2*g = -2*q + 38, 34 - 51 = g - 5*q. Let k(i) = i**3 - 12*i**2 - 18*i + 8. What is k(g)?
-57
Let p(q) = -q**3 - 17*q**2 + 13*q + 7. Let k = 148 - 142. Let o(s) = s**3 + 15*s**2 - 12*s - 6. Let f(w) = k*o(w) + 5*p(w). Calculate f(-6).
5
Suppose -3*s = -4*g + 9*g - 28, -3*g - 2*s + 17 = 0. Let f(z) = z - 3. Let x be f(g). Let h(r) = -r**x - 5*r - 4*r - 8 - 2*r + 4*r. Give h(-6).
-2
Let i = 485/6 + -239/3. Let w(u) be the third derivative of 0*u + 7/24*u**4 + 1/60*u**5 + 15*u**2 + i*u**3 + 0. Determine w(-6).
1
Let a(w) = -w**2 - 6*w - 7. Suppose 3*m + 2*g = -19, -g = -19*m + 20*m + 5. Determine a(m).
-34
Suppose 128 - 452 = -9*z. Suppose -12*k - 4 = -16*k, -k + z = -5*j. Let n(x) = 2*x**2 - x**2 - 4*x + 12*x + 5. Determine n(j).
-2
Let k(i) = 9*i**3 - 23*i**2 - 24*i + 3. Let w(o) = 8*o**3 - 2*o**2 - o + 1. Let x(s) = -k(s) + w(s). Give x(22).
20
Let a(n) = 5*n**3 + 7*n**2 + 8*n. Let i(x) = -11*x**3 - 14*x**2 - 16*x. Let v(q) = 9*a(q) + 4*i(q). Let c = -364 + 358. Give v(c).
-12
Let z(v) = -v**2 - 70. Suppose 4*m = -2*s + 12, m - 60 + 57 = -s. Calculate z(s).
-70
Let n(k) = -k + 9. Let z(o) = 10*o - 13 + 16*o + 31 - o**2 + 17. Let p be z(27). What is n(p)?
1
Suppose -7*m - 19 = -3*m - 5*z, 3*m - 26 = -2*z. Let l(u) be the first derivative of -5/3*u**3 + 1/4*u**m + 13 - u**2 + 4*u. Determine l(5).
-6
Let b(j) be the first derivative of 2*j**2 + 87*j + 1478. Give b(-17).
19
Let v(f) = f - 1. Let l(z) = -z + 1. Let s(a) = -2*l(a) + v(a). Suppose 4*q - 3*i = 23, -3*q = 2*i - 2 + 6. Give s(q).
3
Let d(o) = 2*o - 4. Suppose 0 = 2*r + 2*l - 130, 4*r - 2*l = l + 246. Let i = 65 - r. Suppose -i*h - 17 = -3*k - 0*h, 0 = -3*k + 5*h + 20. Give d(k).
6
Let g(n) = n**2 + 320*n - 1292. Let b be g(4). Let d(f) = -f**3 + f**2 + 10*f - 17. What is d(b)?
-25
Let p(r) = r**2 + r + 21. Let x(o) = -17*o + 1615. Let h be x(95). Give p(h).
21
Let w(y) = -22 - 12656*y**3 + 2*y**2 + 12655*y**3 + 5*y**2. What is w(7)?
-22
Suppose -237*l + 233*l + 8 = 0. Let v(j) = l*j**2 + 7*j**2 - 8*j**2 - 9 + 11. Let f = -1 - -5. Give v(f).
18
Let z(r) = -4*r - 6. Let v be 0*(-12 + 5)/7. Suppose v = 23*d + 65 + 73. Give z(d).
18
Let o(c) be the second derivative of 7/4*c**4 + 0 + 1/20*c**5 - 11/3*c**3 - 255*c + 4*c**2. Determine o(-22).
8
Let v(u) = 114 - 6577*u + 13153*u - 6578*u. What is v(55)?
4
Let h(a) be the first derivative of -a**3/3 - 6*a**2 - 5*a - 453. Calculate h(-8).
27
Let y(u) = 12*u - 51. Let m(q) = -30*q + 134. Let t(j) = 5*m(j) + 13*y(j). Determine t(0).
7
Let d(o) = o**2 - 5*o + 17. Let h(t) = -t**3 - 67*t**2 + 95*t + 1829. Let s be h(-68). Calculate d(s).
101
Let h = -241 - -229. Let f(b) = -b**3 - 12*b**2 - b - 18. Let z be f(h). Let p(c) = -c**3 - 8*c**2 - 9*c - 5. What is p(z)?
-23
Suppose -2*w = -i - 14, -5*w + 18 = -w + 3*i. Suppose 0 = r + y + 2 + w, 30 = -4*r - 3*y. Let z be r/(-14) - 138/(-21). Let x(v) = 2*v - 4. What is x(z)?
10
Let l(g) = -g + 2. Let v(m) = -m - 51. Let r be v(17). Let f = r - -70. Suppose -f*x + 4*j - 16 = 2*x, 5*j = -2*x - 8. Give l(x).
6
Let b(n) be the second derivative of -3*n - 15 + 7/6*n**3 + 3*n**2 + 1/12*n**4. Calculate b(-7).
6
Let s = -324 - -328. Let x(m) be the second derivative of -30*m - 1/12*m**s - 1/6*m**3 + 1/20*m**5 - 3/2*m**2 + 0. Determine x(3).
12
Let u(o) = 4*o**2 + 8*o - 5. Let c(s) = 11*s**2 + 23*s - 16. Let z = -21 + 24. Let j(v) = z*c(v) - 8*u(v). Suppose -3*i = -2*i + 6. Give j(i).
-2
Suppose 0 = 2*f + 5*i - 7, -3*f - 6 = i + 3. Let m be 7 - (f/(-12))/((-2)/(-18)). Let g(o) = -6*o - 2 - o**3 + 0*o**2 + 5*o**2 + 4*o. Give g(m).
6
Let v be -6 + -2 + 9 + -1. Let s(g) = v*g - 12*g + 3*g. Determine s(1).
-9
Let u(t) = 3*t**2 - 18*t - 5. Let j(a) = -39*a + 4*a**2 + 58*a - 7 - 46*a. Let l(r) = 5*j(r) - 7*u(r). Determine l(-10).
-10
Let c(n) = -2*n + 3. Let h(k) = -14*k + 12. Let s(y) = 12*y - 12. Let p(o) = 2*h(o) + 3*s(o). Let w(r) = -9*c(r) - 2*p(r). Determine w(-6).
-15
Let i(u) be the third derivative of u**7/1008 + u**6/360 + 3*u**5/20 + u**4/24 + 2*u**2 - 5. Let d(x) be the third derivative of i(x). Give d(3).
17
Let g(t) = -4*t - 3*t + 10 - 19 + 0*t - 33. Determine g(6).
-84
Let k(x) = 15*x**2 + 5*x - 69. Let w(f) = -11*f**2 - 3*f + 53. Let l(i) = -3*k(i) - 4*w(i). Calculate l(-4).
-9
Let b be 68/16 - (-2478)/(-472). Let y(h) be the first derivative of 41*h**3/3 + h**2 + h + 1. What is y(b)?
40
Suppose